 + 0.
2
Let i be 5/(-25) + (-6)/(-5). Let z(m) = -81*m**2 - 2*m - 1. Let c(d) = 82*d**2 + 3*d + 1. Let r(x) = -4*c(x) - 5*z(x). What are the prime factors of r(i)?
2, 19
Let k(p) = 3*p**2 + 31*p + 8. Let o be k(-10). Let c(a) = -17*a**3 + 6*a**2 + 6*a - 1. List the prime factors of c(o).
3, 7
Let t(y) = 1957*y + 18. What are the prime factors of t(1)?
5, 79
Suppose -34 = 26*m - 918. What are the prime factors of m?
2, 17
Suppose 90*o = 89*o + 1334. List the prime factors of o.
2, 23, 29
Let q = 57 + -184. Let j = q - -231. Suppose j = 6*x + 2*x. List the prime factors of x.
13
Suppose -l + 4*l = -5*q - 145, 0 = -2*q + 5*l - 27. Let g be (-342)/q - (-2)/(-13). Let n(p) = -p**2 + 16*p - 14. List the prime factors of n(g).
5
Let y(j) = -90*j - 10. List the prime factors of y(-5).
2, 5, 11
Let z(w) = -w**2 - 3*w + 18. Let q be z(-6). Suppose q = 6*m - 5*m - 3, 4*d - 819 = -m. List the prime factors of d.
2, 3, 17
Let b(m) = -25*m**2 + 21*m + 39. Let c(n) = 5*n**2 - 4*n - 8. Let r(s) = 2*b(s) + 11*c(s). What are the prime factors of r(5)?
3, 5, 7
Let t be (3 - 3)/(-3 + 2). Suppose 4*r - 297 - 3 = t. What are the prime factors of r?
3, 5
Let a(p) = -3*p**3 + 4*p**2 - 13*p - 6. List the prime factors of a(-7).
2, 5, 131
Let j(n) = 206*n**2 + 9*n - 10. What are the prime factors of j(4)?
2, 11, 151
Suppose -3*o = -0*o - 192. Let z = o + 44. Suppose 3*f + 0*f - z = 0. List the prime factors of f.
2, 3
Let v(p) = -11*p**3 - 10 - 8*p**3 + 18*p**3 - 8*p**2 - 6*p. Let j be v(-8). Let a = j + -26. List the prime factors of a.
2, 3
Let k = 104 + 112. What are the prime factors of k?
2, 3
Let o = 370 + -212. Let n = 25 + o. List the prime factors of n.
3, 61
Suppose -2*u = -19*u + 36465. What are the prime factors of u?
3, 5, 11, 13
Let b(k) = -1378*k - 114. What are the prime factors of b(-2)?
2, 1321
Suppose -6*k + 120 = -2*k. Suppose 0*r + j = 3*r - 166, 4*j - 51 = -r. Let o = r - k. What are the prime factors of o?
5
Suppose 46 = n - 16. Let i = n - 8. List the prime factors of i.
2, 3
Suppose -4*q - 5*j + 1576 = 0, 3*q - q + 3*j = 790. What are the prime factors of q?
389
Let a(c) = -c**3 - c**2 + c - 120. Let s be a(0). Let z = 206 + s. Suppose -9*b + z = -22. What are the prime factors of b?
2, 3
Let a(y) = -17*y**2 - 2*y + 9*y + 14 - 11*y**2 + 27*y**2. What are the prime factors of a(5)?
2, 3
Let a be 2 - 0 - 22*-1. Suppose -6*x = -0*x - a. List the prime factors of x.
2
Suppose -3*d + 2*h = -1349, -5*d = -4*d + 5*h - 478. List the prime factors of d.
3, 151
Let l(w) = 3*w**2 + 3. Let i(p) be the first derivative of p**4/4 + p**3/3 - p**2/2 + 3*p + 2. Let j be i(0). What are the prime factors of l(j)?
2, 3, 5
Let o(t) be the third derivative of t**6/120 - 17*t**5/60 + 5*t**4/8 + 11*t**3/2 - 4*t**2. What are the prime factors of o(16)?
17
Suppose -2*u - 4 = 3*x, 2*u + 2*x = -0*x. Suppose -u*z + 5*p + 0 = 6, 3*z - 3*p = -3. List the prime factors of 13 - (z + -1 + -4).
17
Let j = 22 - 16. Let h be ((-7)/(-21))/(1/j). Suppose f = -5*o + 2*f + 9, -2*o = -2*f - h. List the prime factors of o.
2
Let n(k) = -k - 1. Let j be n(-6). Suppose 5*i - 48 = -5*z + 87, j*z - 10 = 0. Suppose 5*r + 5*d - i = -5, -5*d - 34 = -4*r. What are the prime factors of r?
2, 3
Suppose 5*i - 130 = 2*p, 2*p - 89 = -3*i + p. Suppose -4*g - 17 = -l, -i = -2*l + 4*g + g. List the prime factors of l.
3
Suppose 5*d = -s - 2*s + 958, -408 = -2*d + 5*s. List the prime factors of d.
2, 97
Let o(r) = 61*r + 1. Let f = 84 + -81. What are the prime factors of o(f)?
2, 23
Suppose 2*f = 10, 27 = c + 4*f + 3. Suppose -4*d + 4*t = 8, 5*d = 3*t - 4 - 2. Suppose c*x + x - 10 = d. What are the prime factors of x?
2
Let g(j) = -j**3 - 17*j**2 - 16*j + 5. Let i be g(-16). Let w = i - -18. What are the prime factors of w?
23
Suppose -129*n + 116*n = -7345. List the prime factors of n.
5, 113
Let u = 833 + -294. What are the prime factors of u?
7, 11
Suppose 3*f = -r + 8*f + 2513, 5*f = -2*r + 4981. What are the prime factors of r?
2, 1249
Let y = 5254 + -2924. List the prime factors of y.
2, 5, 233
Let p = 1272 + -725. Suppose -p = -7*a + 384. List the prime factors of a.
7, 19
Let u be ((-7)/(-14))/(2/136). Suppose -3*f + 14 = -u. List the prime factors of -57*(f/12)/(-2).
2, 19
Let p(x) = -2*x**2 - x + 13. Let b(t) be the first derivative of -4*t**3/3 - t**2 + 25*t + 5. Let h(y) = -6*b(y) + 11*p(y). What are the prime factors of h(-4)?
3, 7
Suppose 2*f = 2*y + 448 + 128, 1179 = 4*f + 5*y. List the prime factors of f.
3, 97
Let o(v) be the first derivative of 9*v - 1/4*v**4 + 5 + v**2 + 3*v**3. What are the prime factors of o(9)?
3
Let o = -12 + 153. Let x = o - 95. List the prime factors of x.
2, 23
Suppose -h = -4, -47 = -5*p + 4*p - 4*h. Let v = p - -51. What are the prime factors of v?
2, 41
Let t(v) = 21*v**3 - 13*v**2 - 10. What are the prime factors of t(3)?
2, 5, 11
Let q = 14 - 11. Let o be (1 - q - -3)*16. What are the prime factors of 152/o*(3 - -1)?
2, 19
Let b(q) = -2*q. Let m be b(3). Let n = -2 - m. Suppose -n*u = 3*f - 203 + 77, -5*f = 4*u - 202. What are the prime factors of f?
2, 19
Suppose -7*t = -11*t + 124. What are the prime factors of t?
31
Suppose 286*r + 3357 = 289*r. List the prime factors of r.
3, 373
Suppose -5*h = 2*d - 399, -2*h + 3*h - 5*d = 69. List the prime factors of h.
79
Let a(v) = -2*v**2 - 43*v + 15. Let h be a(-22). Let j(s) = 6*s + 62. List the prime factors of j(h).
2, 5
Let u = 114 - -156. Let o = u + -158. Suppose -j = 2*r - o, -4 = j - 3*j. List the prime factors of r.
5, 11
Let x be ((-14)/12)/((-5)/45)*-4. Let i = 126 + x. What are the prime factors of i?
2, 3, 7
Let c(p) = 2*p**2 + 14*p + 4. Let y be (2 - -1)/((-3)/(-60)). Suppose -9*t + 3*t - y = 0. List the prime factors of c(t).
2
Let i be 2*(-8)/(-6 - -2). Suppose -i*s + 7*s = 75. List the prime factors of s.
5
Let x(b) = 2*b**2 - 15*b + 9. Let o be x(7). Let f(z) = -3*z**3 + 6*z - 2 + 9*z**3 - 8*z**3 + 3*z**o. List the prime factors of f(-3).
61
Suppose -5*s - 10 + 25 = 0. Suppose -6*t + 5*t = -14. Let g = s + t. What are the prime factors of g?
17
Let w(i) = -5*i + 1. Let j be w(-9). Let c be ((-9)/6)/(6/88). Let m = j + c. List the prime factors of m.
2, 3
Let l(i) = -4*i + 9. Let y be l(-11). Suppose -5*x + 175 = 5*c, -4*c + y = 5*x - 126. List the prime factors of x.
3, 13
Let x(v) = 8*v + 21. List the prime factors of x(-2).
5
Let w(o) = -2*o**2 + 8*o - 7. Let m(r) = 4*r**2 - 16*r + 14. Let p(n) = -2*m(n) - 5*w(n). Let j be p(3). What are the prime factors of j*3/(9/66)?
2, 11
Let y(x) = -51 + 9*x - 79 + 15*x**2 + x**3 + 105. List the prime factors of y(-14).
3, 5
Suppose -4399 = -9*o + 1253. List the prime factors of o.
2, 157
What are the prime factors of (-1 - -3) + -1*(-4392)/4?
2, 5, 11
Let p = 21 + -18. Suppose 7*l - p*l - 1584 = 0. Suppose 4*n = l - 108. What are the prime factors of n?
2, 3
Suppose -269 - 5542 = -13*v. List the prime factors of v.
3, 149
Let b(o) = o**3 + 5*o**2 - 2*o + 7. Let r be b(-5). Let h be (-2 + -3 - -3) + r. Suppose 0 = -5*a + 160 - h. What are the prime factors of a?
29
Let s(x) be the second derivative of x**5/20 - x**4/6 + x**3/3 + x**2 + 4*x. Let m be s(4). Suppose 2*b + m = 4*b. List the prime factors of b.
3, 7
Let n = 50 + -47. Suppose -k + 24 = 4*p - 96, 41 = p + n*k. List the prime factors of p.
29
Suppose -v = 3*k - 3 + 17, 5*v + 25 = 0. What are the prime factors of (-3 - 543)/6*k?
3, 7, 13
Suppose 0 = -4*y + n + 4, 2*n - 5*n + 2 = -5*y. Suppose 17 = -y*j - 35. List the prime factors of 3 + -2 - j*1.
3
Suppose -3*c + 573 + 1770 = 0. What are the prime factors of c?
11, 71
Suppose -10504 = -13*z + 1521. What are the prime factors of z?
5, 37
Let o = 3207 - 2678. List the prime factors of o.
23
Let t be 1/3 + (-206)/6. Let q = 193 + -199. List the prime factors of ((-9)/q)/((-1)/t).
3, 17
Let g = -2470 + 3879. List the prime factors of g.
1409
Let j(m) = m + 38. Let d be j(-15). Suppose d = 7*g - 6*g. List the prime factors of g.
23
Let k be (11 + 3)*(-1)/(-2). Let o = k - 3. Suppose -o*z = 5*i - 40, -i - 2*z - 8 = 2*z. List the prime factors of i.
2, 3
What are the prime factors of (-1884)/10*(-170)/102?
2, 157
Suppose 5*v - 2*v - 15 = 0. Suppose -3*o + 7 + v = 0. Suppose o*t + c + 2*c - 35 = 0, 23 = 3*t - c. List the prime factors of t.
2
Let s